.
16
Let j = 94 + -59. Suppose 4*s + j = 5*s. Calculate the highest common divisor of 14 and s.
7
Suppose 0 = 2*k + 195 + 821. Let b be 8/(-36) - k/18. What is the highest common factor of b and 7?
7
Suppose -3*p + 25 = 5*v + 3, -5*p = 5*v - 40. Let u = -16 - -22. What is the highest common factor of u and p?
3
Let o(s) = -7*s**3 + 2*s + 3. Suppose 5*g + 0 = -10. Let f be o(g). Let k(w) = -8*w - 2. Let c be k(-3). Calculate the highest common divisor of c and f.
11
Let r(p) = p**3 + 12*p**2 - p - 10. Let n be r(-12). Calculate the greatest common factor of 8 and n.
2
Let g(o) = o**3 - 4*o**2 + o + 1. Let d be g(4). Suppose c - p = 25, 0*c + d*p = -3*c + 51. What is the greatest common divisor of 2 and c?
2
Suppose -47 = -5*x + 4*t, 5*x + t = 20 + 37. Let m(p) = p + 6. Let a be m(5). Calculate the highest common divisor of a and x.
11
Let h = -24 + 47. Calculate the highest common divisor of 92 and h.
23
Suppose -7*b + 14 = -6*b. What is the greatest common factor of 112 and b?
14
Suppose 0 = -r - g - 7 + 40, 2*r = -3*g + 71. Suppose -5*j + 228 - r = 0. What is the highest common divisor of j and 5?
5
Let o = -9 + 15. Let k = 8 - o. Let z(t) = -2*t - 8. Let i be z(-5). What is the greatest common factor of k and i?
2
Let f = 61 - 24. Calculate the highest common divisor of f and 185.
37
Let h(g) = -2*g - 4. Let p be h(-3). Suppose -p*d - d + 84 = 0. What is the highest common divisor of d and 14?
14
Let s = 6 + -2. Suppose 20 = 2*y + s. What is the greatest common divisor of y and 64?
8
Suppose 4 = -x, -4*z - x - 2*x + 8 = 0. Let c(j) = j**2 + 3*j - 4. Let g be c(z). Calculate the highest common factor of g and 12.
12
Let n = -9 + 87. Suppose -4*k + k = -n. Let h(j) = j**3 + 8*j**2 + 6*j + 3. Let c be h(-6). What is the greatest common divisor of k and c?
13
Let o = -239 + 338. Let p(u) be the first derivative of -u**4/4 + 2*u**3 - 3*u**2 + u + 2. Let f be p(4). What is the greatest common factor of f and o?
9
Let n = 0 + 6. Calculate the greatest common divisor of 42 and n.
6
Suppose 3 = 3*m, -m = -4*h - 6*m + 45. Calculate the greatest common factor of 50 and h.
10
Let i(l) = -3*l - 1 + l - 4*l. Let g be i(-3). Suppose 3*u + 2*s = -2*u + 427, -5*u + 421 = -4*s. What is the highest common factor of g and u?
17
Let s be 1*(2 - 7 - -10). Calculate the highest common divisor of 3 and s.
1
Let b = 296 + -211. Let m(c) = -c**2 - 17*c - 25. Let q be m(-14). What is the greatest common divisor of q and b?
17
Suppose -6*h = -3*h - 6. Suppose 5*d - 173 = -h*x, 5*x - 282 - 198 = -3*d. What is the highest common divisor of x and 9?
9
Let i(h) = -6*h - 3. Let q be i(-1). What is the highest common divisor of 1 and q?
1
Let l = 3 - -14. Suppose -5*z + 5*f = 7 - 42, -f - 5 = 0. Suppose 0 = z*b - 123 - 47. Calculate the highest common divisor of l and b.
17
Let t(z) = -z**3 - 10*z**2 - z + 5. Let l be t(-10). Suppose 3*h + 4*g - 147 = 0, -5 = -3*h + g + 127. Calculate the highest common divisor of l and h.
15
Let i be 1 - ((4 - 7) + -1). Calculate the greatest common divisor of 1 and i.
1
Let d(f) = -f**3 + f**2 + 2. Let n be d(2). Let o be (-4)/(-8)*2 - n. What is the highest common divisor of o and 18?
3
Let q(d) = 20*d**2. Let b be q(-1). Suppose 0 = -29*g + 34*g - 800. Calculate the highest common divisor of g and b.
20
Let p = 3 - -5. Let u = -2 + 3. What is the highest common factor of p and u?
1
Suppose 12*y - y = 308. Calculate the greatest common divisor of y and 364.
28
Let n(p) = 4*p - 66. Let b be n(18). Calculate the greatest common factor of b and 66.
6
Let x(b) = 2*b**2 + 10*b - 7. Let w be x(7). Suppose 5*a + 5*p = 90, 10 - 23 = -a - 2*p. Calculate the highest common divisor of w and a.
23
Let j = -2 + 5. Suppose 0 = 3*u - 4*p - 89, -183 = -5*u - 5*p + j*p. Calculate the greatest common factor of 5 and u.
5
Suppose v + 16 = 5*v. What is the greatest common factor of 20 and v?
4
Let x = 64 + -95. Let d = 105 + x. Suppose -2*f = -d - 46. What is the greatest common divisor of f and 10?
10
Let h be (2/6 - 0)*3. Let i = -3 - -4. Let f be i + 0/((-2)/(-1)). Calculate the greatest common factor of f and h.
1
Suppose -4*i - 5 = 2*c - 77, i - 36 = -5*c. What is the highest common divisor of 48 and i?
16
Suppose 3*n = -5*t + 1055, -n + 1308 = 4*t + 471. What is the highest common factor of t and 16?
16
Let a(v) = 18*v. Let k be a(-1). Let w = 0 + k. Let h be (-30)/w - (-2)/(-3). What is the greatest common factor of 8 and h?
1
Suppose -64 = b - 5*b. Let o = -16 + 18. What is the highest common divisor of o and b?
2
Let k(u) = u**2 - 5*u + 1. Let q be k(4). Let f be q/(-1 - (-3)/6). Calculate the highest common factor of 18 and f.
6
Let b(k) = 8*k + 11. Let t(u) = 7*u + 10. Let l(i) = -6*b(i) + 7*t(i). Let c be l(8). Suppose 0 = p + 1 - c. What is the greatest common divisor of p and 1?
1
Let k be 2/10 + 891/(-55). Let v be (-12)/k + 13/4. What is the highest common factor of 20 and v?
4
Let a = 4 + -4. Suppose 0 = -0*b + 5*b + 30. Let f be b/(-4)*(8 + a). What is the highest common divisor of 3 and f?
3
Suppose -2*i + 0*i - 2*q = -350, q = -4*i + 700. Let o = -76 + i. Let r = -12 - -21. Calculate the highest common factor of o and r.
9
Let u = 35 + -29. Calculate the greatest common divisor of u and 6.
6
Let r = -1 + 6. Let t(k) = -k + 3 - r*k**2 + 1 + 5 + 4*k**2. Let f be t(0). Calculate the greatest common factor of f and 1.
1
Suppose -101 - 34 = -3*z. What is the greatest common factor of z and 9?
9
Let o be (-154)/(-33) + 1/3. Let m = o + 6. Calculate the greatest common divisor of 11 and m.
11
Let d(w) = -4*w**3 - w**2 + 1. Let g be (-4)/18 + 42/(-54). Let f be d(g). What is the greatest common divisor of 44 and f?
4
Let o = -2 - -4. Suppose 102 = o*v - 3*d - 138, 3*v - 359 = 4*d. What is the greatest common factor of v and 13?
13
Let w(b) = b**2 - 7*b + 6. Let p be w(5). Let r be -1 + 10 + 1 + p. What is the greatest common divisor of r and 6?
6
Suppose 4*x + 24 = 4*o, 2*x = -o - 2*x - 19. Let d be (-49)/(-35)*(4 + o). What is the highest common divisor of 56 and d?
7
Suppose -2*k = 4*a - 20, k - 11 = -k + 5*a. Suppose 0 = c - 42 - 46. What is the greatest common factor of k and c?
8
Let k be 8/(-6)*(-6)/2. What is the greatest common divisor of 32 and k?
4
Let d(b) = -b**3 + 8*b**2 - 4. Let j be d(8). Let m = 8 + j. What is the highest common factor of m and 10?
2
Let h be 6/27 + (-5864)/(-18). Suppose 3*m = h + 52. What is the highest common divisor of m and 18?
18
Let c be (-42)/(-4)*16/3. Let l(a) = 5*a + 1. Let u be l(-2). Let v = 16 + u. Calculate the highest common divisor of c and v.
7
Let d be ((-2 - 0) + 1)*-7. Suppose d*s = 3*s + 52. What is the highest common divisor of s and 65?
13
Let v be (-4 + 14/4)*-8. Suppose -5*p - 5*o = 5, 0*p - v*o = 3*p + 7. Calculate the greatest common factor of 1 and p.
1
Suppose 0 = 4*y + 4*t - 32, 0 = 3*y - 2*t + 3*t - 16. Let p = 26 + y. What is the highest common factor of p and 12?
6
Let d be (52/14)/((-3)/(-21)). Calculate the highest common factor of 65 and d.
13
Let h be (-6)/18 + (-267)/9. Let z = h - -74. What is the greatest common divisor of z and 66?
22
Suppose 11*y - 36 = -y. Let k(r) = 65*r**3 + r**2. Let c be k(1). Suppose 0 = -3*b + 6 + c. Calculate the greatest common factor of b and y.
3
Let v(o) = 2*o**3 - o + o**3 + 3 + 3*o. Let b be v(3). Let w = -18 + 28. Calculate the greatest common divisor of b and w.
10
Let t(m) = m**2. Let s be t(1). What is the highest common divisor of 2 and s?
1
Let x(m) = -m**2 - 6*m - 4. Let r be x(-4). Let y be ((-20)/(-8) - -5)/(6/16). What is the highest common divisor of r and y?
4
Suppose -2*z - 168 = -8*z. What is the highest common divisor of 196 and z?
28
Suppose -3*t - 2 = 16. Let o be t/14 - (-66)/7. Calculate the greatest common divisor of o and 45.
9
Suppose j - 5*l - 9 = 0, 5*l + 3 = -2*j + 6. Suppose 39 + 41 = j*b. Let p = 169 - 119. What is the greatest common factor of b and p?
10
Let g be (4 - 394/4)*-2. Let i = -104 + 188. Suppose l - i = -3*l. What is the highest common factor of l and g?
21
Suppose 95 = 12*g - 73. What is the highest common factor of g and 14?
14
Suppose 18 = -5*s + 3. Let d be 3 - (0/s + -1). What is the highest common divisor of 36 and d?
4
Suppose j - 18 = 3. Suppose -16 = 4*i + 3*y, 2*y - 11 = -i + 5*y. Let r 